{"id":7,"date":"2015-02-02T15:04:26","date_gmt":"2015-02-02T15:04:26","guid":{"rendered":"http:\/\/www.japanischeschulekoeln.de\/?page_id=7"},"modified":"2025-01-29T20:55:09","modified_gmt":"2025-01-29T20:55:09","slug":"anmeldung","status":"publish","type":"page","link":"http:\/\/www.japanischeschulekoeln.de\/de\/anmeldung\/","title":{"rendered":"Anmeldung"},"content":{"rendered":"<p><\/p>\n<h5>Hospitationstag<\/h5>\n<p>Es besteht die M\u00f6glichkeit, vor der Anmeldung einmal am Unterricht teilzunehmen, um die Schule kennen zu lernen. Beantragen Sie diese Hospitation bitte rechtzeitig mit diesem <a href=\"http:\/\/www.japanischeschulekoeln.de\/?page_id=31&amp;lang=de\">Kontaktformular<\/a>.<\/p>\n<h5>Anmeldung f\u00fcr eine JaF-Klasse<\/h5>\n<p>Die Japanische Schule K\u00f6ln ist ein eingetragener Verein. Daher ist es n\u00f6tig, dass ein oder beide Eltern Vereinsmitglieder werden und dementsprechenden Jahresbeitrag zahlen.<br \/>\nWenn Sie sich f\u00fcr unsere Schule sich entschieden haben, f\u00fcllen Sie bitte das Anmeldeformular aus und senden es an die Schulverwaltung per Post oder E-Mail. Sie k\u00f6nnen es nat\u00fcrlich auch w\u00e4hrend der Schulzeit (16:05 \u2013 17:45) direkt bei uns abgeben. (F\u00fcr die Anmeldung ab dem zweiten Kind verwenden Sie bitte \u201cAnmeldung 2\u201d)<\/p>\n<p class=\"pdf-download\"><a href=\"http:\/\/www.japanischeschulekoeln.de\/wp-content\/uploads\/2021\/02\/SS21-regel.pdf\" target=\"_blank\" rel=\"noopener noreferrer\"><img loading=\"lazy\" class=\"alignnone wp-image-440 size-full\" src=\"http:\/\/www.japanischeschulekoeln.de\/wp-content\/uploads\/2015\/09\/download_anmeldung_de.png\" alt=\"\" width=\"175\" height=\"65\" \/><\/a><a href=\"http:\/\/www.japanischeschulekoeln.de\/wp-content\/uploads\/2021\/02\/SS21-Zweiteskind.pdf\" target=\"_blank\" rel=\"noopener noreferrer\"><img loading=\"lazy\" class=\"alignnone wp-image-618 size-full\" src=\"http:\/\/www.japanischeschulekoeln.de\/wp-content\/uploads\/2015\/10\/download_anmeldung2_de.png\" alt=\"\" width=\"175\" height=\"65\" \/><\/a><\/p>\n<h5>Austritt aus der Schule<\/h5>\n<p>Die K\u00fcndigungsfrist betr\u00e4gt zwei Monate. Benutzen Sie dazu bitte das Abmeldeformular.<\/p>\n<p class=\"info\">\u203bAchtung: Bei einer Abmeldung kurzfristiger als zwei Monate fallen in jedem Fall die Schulgeb\u00fchren f\u00fcr zwei Monate an.<\/p>\n<p class=\"pdf-download\"><a href=\"http:\/\/www.japanischeschulekoeln.de\/wp-content\/uploads\/2025\/01\/Abmeldung.pdf\" target=\"_blank\" rel=\"noopener noreferrer\"><img loading=\"lazy\" class=\"alignnone wp-image-438 size-full\" src=\"http:\/\/www.japanischeschulekoeln.de\/wp-content\/uploads\/2015\/09\/download_abmeldung_de.png\" alt=\"\" width=\"175\" height=\"65\" \/><\/a><\/p>\n<h5>Beginn und Beendigung Ihrer Vereinsmitgliedschaft<\/h5>\n<p>F\u00fcr den Ein- bzw. Austritt aus dem Verein verwenden Sie bitte das selbe Formular wie f\u00fcr die Schulan- bzw. -abmeldung und geben Sie es bei unserer Schulverwaltung ab.<\/p>","protected":false},"excerpt":{"rendered":"<p>Information zur An- und Abmeldung sowie Formulare<\/p>\n","protected":false},"author":1,"featured_media":312,"parent":0,"menu_order":0,"comment_status":"closed","ping_status":"closed","template":"","meta":[],"_links":{"self":[{"href":"http:\/\/www.japanischeschulekoeln.de\/de\/wp-json\/wp\/v2\/pages\/7"}],"collection":[{"href":"http:\/\/www.japanischeschulekoeln.de\/de\/wp-json\/wp\/v2\/pages"}],"about":[{"href":"http:\/\/www.japanischeschulekoeln.de\/de\/wp-json\/wp\/v2\/types\/page"}],"author":[{"embeddable":true,"href":"http:\/\/www.japanischeschulekoeln.de\/de\/wp-json\/wp\/v2\/users\/1"}],"replies":[{"embeddable":true,"href":"http:\/\/www.japanischeschulekoeln.de\/de\/wp-json\/wp\/v2\/comments?post=7"}],"version-history":[{"count":79,"href":"http:\/\/www.japanischeschulekoeln.de\/de\/wp-json\/wp\/v2\/pages\/7\/revisions"}],"predecessor-version":[{"id":1371,"href":"http:\/\/www.japanischeschulekoeln.de\/de\/wp-json\/wp\/v2\/pages\/7\/revisions\/1371"}],"wp:featuredmedia":[{"embeddable":true,"href":"http:\/\/www.japanischeschulekoeln.de\/de\/wp-json\/wp\/v2\/media\/312"}],"wp:attachment":[{"href":"http:\/\/www.japanischeschulekoeln.de\/de\/wp-json\/wp\/v2\/media?parent=7"}],"curies":[{"name":"wp","href":"https:\/\/api.w.org\/{rel}","templated":true}]}}

<p></p>
<h5>Hospitationstag</h5>
<p>Es besteht die Möglichkeit, vor der Anmeldung einmal am Unterricht teilzunehmen, um die Schule kennen zu lernen. Beantragen Sie diese Hospitation bitte rechtzeitig mit diesem <a href="http://www.japanischeschulekoeln.de/?page_id=31&amp;lang=de">Kontaktformular</a>.</p>
<h5>Anmeldung für eine JaF-Klasse</h5>
<p>Die Japanische Schule Köln ist ein eingetragener Verein. Daher ist es nötig, dass ein oder beide Eltern Vereinsmitglieder werden und dementsprechenden Jahresbeitrag zahlen.<br />
Wenn Sie sich für unsere Schule sich entschieden haben, füllen Sie bitte das Anmeldeformular aus und senden es an die Schulverwaltung per Post oder E-Mail. Sie können es natürlich auch während der Schulzeit (16:05 – 17:45) direkt bei uns abgeben. (Für die Anmeldung ab dem zweiten Kind verwenden Sie bitte “Anmeldung 2”)</p>
<p class="pdf-download"><a href="http://www.japanischeschulekoeln.de/wp-content/uploads/2021/02/SS21-regel.pdf" target="_blank" rel="noopener noreferrer"><img loading="lazy" class="alignnone wp-image-440 size-full" src="http://www.japanischeschulekoeln.de/wp-content/uploads/2015/09/download_anmeldung_de.png" alt="" width="175" height="65" /></a><a href="http://www.japanischeschulekoeln.de/wp-content/uploads/2021/02/SS21-Zweiteskind.pdf" target="_blank" rel="noopener noreferrer"><img loading="lazy" class="alignnone wp-image-618 size-full" src="http://www.japanischeschulekoeln.de/wp-content/uploads/2015/10/download_anmeldung2_de.png" alt="" width="175" height="65" /></a></p>
<h5>Austritt aus der Schule</h5>
<p>Die Kündigungsfrist beträgt zwei Monate. Benutzen Sie dazu bitte das Abmeldeformular.</p>
<p class="info">※Achtung: Bei einer Abmeldung kurzfristiger als zwei Monate fallen in jedem Fall die Schulgebühren für zwei Monate an.</p>
<p class="pdf-download"><a href="http://www.japanischeschulekoeln.de/wp-content/uploads/2025/01/Abmeldung.pdf" target="_blank" rel="noopener noreferrer"><img loading="lazy" class="alignnone wp-image-438 size-full" src="http://www.japanischeschulekoeln.de/wp-content/uploads/2015/09/download_abmeldung_de.png" alt="" width="175" height="65" /></a></p>
<h5>Beginn und Beendigung Ihrer Vereinsmitgliedschaft</h5>
<p>Für den Ein- bzw. Austritt aus dem Verein verwenden Sie bitte das selbe Formular wie für die Schulan- bzw. -abmeldung und geben Sie es bei unserer Schulverwaltung ab.</p>
