{"id":294,"date":"2015-04-14T12:57:48","date_gmt":"2015-04-14T12:57:48","guid":{"rendered":"http:\/\/www.japanischeschulekoeln.de\/?page_id=294"},"modified":"2021-10-28T15:46:08","modified_gmt":"2021-10-28T15:46:08","slug":"kurs","status":"publish","type":"page","link":"http:\/\/www.japanischeschulekoeln.de\/de\/unterricht\/kurs\/","title":{"rendered":"Unterricht"},"content":{"rendered":"<p><\/p>\n<h6>\uff1cKokugo-Kurs\uff1e<\/h6>\n<p>Unterricht f\u00fcr Kinder, mit Japanisch als Muttersprache.<\/p>\n<ul>\n<li>Kindergarten (drei bis sechs j\u00e4hrige, unterrichtet in drei Klassen)<\/li>\n<li>Grundschule ( erste bis sechste Klasse)<\/li>\n<li>Mittelschule: ( siebte bis neunte Klasse)<\/li>\n<li>Oberschule: ( zehnte bis zw\u00f6lfte Klasse)<\/li>\n<\/ul>\n<h6>\uff1cJaF-Kurs\uff1e<\/h6>\n<p>Japanisch als Fremdsprache<\/p>\n<ul>\n<li>Japanisch-Kurse f\u00fcr deutschsprachige Kinder und Jugendliche im Alter von sechs bis 16 Jahren<\/li>\n<li>Unsere JaF-Kurse beginnen halbj\u00e4hrlich jeweils am erstenUnterrichtstermin nach den Osterferien bzw. am ersten Unterrichtstermin nach den Herbstferien.<\/li>\n<li>Ein Kurs kommt zu Stande, wenn sich mindestens f\u00fcnf Sch\u00fcler im \u00e4hnlichen Alter und Vorkenntnissen anmelden. Der Unterricht wir je nach Sprachniveau der Sch\u00fcler individuell gestaltet.<\/li>\n<\/ul>\n<p><a href=\"http:\/\/www.japanischeschulekoeln.de\/wp-content\/uploads\/2015\/11\/U_youchibu1_L.jpg\" target=\"_blank\" rel=\"noopener noreferrer\"><img loading=\"lazy\" class=\"alignnone wp-image-393 size-full\" src=\"http:\/\/www.japanischeschulekoeln.de\/wp-content\/uploads\/2015\/08\/SU_youchibu_1_D.png\" alt=\"\" width=\"235\" height=\"199\" \/><\/a><a href=\"http:\/\/www.japanischeschulekoeln.de\/wp-content\/uploads\/2015\/11\/U_youchibu2_L.jpg\" target=\"_blank\" rel=\"noopener noreferrer\"><img loading=\"lazy\" class=\"alignnone wp-image-394 size-full\" src=\"http:\/\/www.japanischeschulekoeln.de\/wp-content\/uploads\/2015\/08\/SU_youchibu_2_D.png\" alt=\"\" width=\"230\" height=\"199\" \/><\/a><a href=\"http:\/\/www.japanischeschulekoeln.de\/wp-content\/uploads\/2015\/11\/U_shou1_L.jpg\" target=\"_blank\" rel=\"noopener noreferrer\"><img loading=\"lazy\" class=\"alignnone wp-image-391 size-full\" src=\"http:\/\/www.japanischeschulekoeln.de\/wp-content\/uploads\/2015\/08\/SU_shou1_1_D.png\" alt=\"\" width=\"235\" height=\"199\" \/><\/a><a href=\"http:\/\/www.japanischeschulekoeln.de\/wp-content\/uploads\/2015\/11\/U_shou5_L.jpg\" target=\"_blank\" rel=\"noopener noreferrer\"><img loading=\"lazy\" class=\"alignnone wp-image-392 size-full\" src=\"http:\/\/www.japanischeschulekoeln.de\/wp-content\/uploads\/2015\/08\/SU_shou5_1_D.png\" alt=\"\" width=\"235\" height=\"200\" \/><\/a><a href=\"http:\/\/www.japanischeschulekoeln.de\/wp-content\/uploads\/2015\/11\/U_chuu2_L.jpg\" target=\"_blank\" rel=\"noopener noreferrer\"><img loading=\"lazy\" class=\"alignnone wp-image-389 size-full\" src=\"http:\/\/www.japanischeschulekoeln.de\/wp-content\/uploads\/2015\/08\/SU_chuu2_1_D.png\" alt=\"\" width=\"230\" height=\"200\" \/><\/a><a href=\"http:\/\/www.japanischeschulekoeln.de\/wp-content\/uploads\/2015\/11\/U_JaF_L.jpg\" target=\"_blank\" rel=\"noopener noreferrer\"><img loading=\"lazy\" class=\"alignnone wp-image-390 size-full\" src=\"http:\/\/www.japanischeschulekoeln.de\/wp-content\/uploads\/2015\/08\/SU_JaF_1_D.png\" alt=\"\" width=\"235\" height=\"200\" \/><\/a><\/p>\n<p><\/p>","protected":false},"excerpt":{"rendered":"<p>\uff1cKokugo-Kurs\uff1e Unterricht f\u00fcr Kinder, mit Japanisch als Muttersprache. Kindergarten (drei bis sechs j\u00e4hrige, unterrichtet in drei Klassen) Grundschule ( erste bis sechste Klasse) Mittelschule: ( siebte bis neunte Klasse) Oberschule: ( zehnte bis zw\u00f6lfte Klasse) \uff1cJaF-Kurs\uff1e Japanisch als Fremdsprache Japanisch-Kurse<\/p>\n","protected":false},"author":1,"featured_media":0,"parent":11,"menu_order":1,"comment_status":"closed","ping_status":"closed","template":"","meta":[],"_links":{"self":[{"href":"http:\/\/www.japanischeschulekoeln.de\/de\/wp-json\/wp\/v2\/pages\/294"}],"collection":[{"href":"http:\/\/www.japanischeschulekoeln.de\/de\/wp-json\/wp\/v2\/pages"}],"about":[{"href":"http:\/\/www.japanischeschulekoeln.de\/de\/wp-json\/wp\/v2\/types\/page"}],"author":[{"embeddable":true,"href":"http:\/\/www.japanischeschulekoeln.de\/de\/wp-json\/wp\/v2\/users\/1"}],"replies":[{"embeddable":true,"href":"http:\/\/www.japanischeschulekoeln.de\/de\/wp-json\/wp\/v2\/comments?post=294"}],"version-history":[{"count":19,"href":"http:\/\/www.japanischeschulekoeln.de\/de\/wp-json\/wp\/v2\/pages\/294\/revisions"}],"predecessor-version":[{"id":1301,"href":"http:\/\/www.japanischeschulekoeln.de\/de\/wp-json\/wp\/v2\/pages\/294\/revisions\/1301"}],"up":[{"embeddable":true,"href":"http:\/\/www.japanischeschulekoeln.de\/de\/wp-json\/wp\/v2\/pages\/11"}],"wp:attachment":[{"href":"http:\/\/www.japanischeschulekoeln.de\/de\/wp-json\/wp\/v2\/media?parent=294"}],"curies":[{"name":"wp","href":"https:\/\/api.w.org\/{rel}","templated":true}]}}

<p></p>
<h6>＜Kokugo-Kurs＞</h6>
<p>Unterricht für Kinder, mit Japanisch als Muttersprache.</p>
<ul>
<li>Kindergarten (drei bis sechs jährige, unterrichtet in drei Klassen)</li>
<li>Grundschule ( erste bis sechste Klasse)</li>
<li>Mittelschule: ( siebte bis neunte Klasse)</li>
<li>Oberschule: ( zehnte bis zwölfte Klasse)</li>
</ul>
<h6>＜JaF-Kurs＞</h6>
<p>Japanisch als Fremdsprache</p>
<ul>
<li>Japanisch-Kurse für deutschsprachige Kinder und Jugendliche im Alter von sechs bis 16 Jahren</li>
<li>Unsere JaF-Kurse beginnen halbjährlich jeweils am erstenUnterrichtstermin nach den Osterferien bzw. am ersten Unterrichtstermin nach den Herbstferien.</li>
<li>Ein Kurs kommt zu Stande, wenn sich mindestens fünf Schüler im ähnlichen Alter und Vorkenntnissen anmelden. Der Unterricht wir je nach Sprachniveau der Schüler individuell gestaltet.</li>
</ul>
<p><a href="http://www.japanischeschulekoeln.de/wp-content/uploads/2015/11/U_youchibu1_L.jpg" target="_blank" rel="noopener noreferrer"><img loading="lazy" class="alignnone wp-image-393 size-full" src="http://www.japanischeschulekoeln.de/wp-content/uploads/2015/08/SU_youchibu_1_D.png" alt="" width="235" height="199" /></a><a href="http://www.japanischeschulekoeln.de/wp-content/uploads/2015/11/U_youchibu2_L.jpg" target="_blank" rel="noopener noreferrer"><img loading="lazy" class="alignnone wp-image-394 size-full" src="http://www.japanischeschulekoeln.de/wp-content/uploads/2015/08/SU_youchibu_2_D.png" alt="" width="230" height="199" /></a><a href="http://www.japanischeschulekoeln.de/wp-content/uploads/2015/11/U_shou1_L.jpg" target="_blank" rel="noopener noreferrer"><img loading="lazy" class="alignnone wp-image-391 size-full" src="http://www.japanischeschulekoeln.de/wp-content/uploads/2015/08/SU_shou1_1_D.png" alt="" width="235" height="199" /></a><a href="http://www.japanischeschulekoeln.de/wp-content/uploads/2015/11/U_shou5_L.jpg" target="_blank" rel="noopener noreferrer"><img loading="lazy" class="alignnone wp-image-392 size-full" src="http://www.japanischeschulekoeln.de/wp-content/uploads/2015/08/SU_shou5_1_D.png" alt="" width="235" height="200" /></a><a href="http://www.japanischeschulekoeln.de/wp-content/uploads/2015/11/U_chuu2_L.jpg" target="_blank" rel="noopener noreferrer"><img loading="lazy" class="alignnone wp-image-389 size-full" src="http://www.japanischeschulekoeln.de/wp-content/uploads/2015/08/SU_chuu2_1_D.png" alt="" width="230" height="200" /></a><a href="http://www.japanischeschulekoeln.de/wp-content/uploads/2015/11/U_JaF_L.jpg" target="_blank" rel="noopener noreferrer"><img loading="lazy" class="alignnone wp-image-390 size-full" src="http://www.japanischeschulekoeln.de/wp-content/uploads/2015/08/SU_JaF_1_D.png" alt="" width="235" height="200" /></a></p>
<p></p>

<p>＜Kokugo-Kurs＞ Unterricht für Kinder, mit Japanisch als Muttersprache. Kindergarten (drei bis sechs jährige, unterrichtet in drei Klassen) Grundschule ( erste bis sechste Klasse) Mittelschule: ( siebte bis neunte Klasse) Oberschule: ( zehnte bis zwölfte Klasse) ＜JaF-Kurs＞ Japanisch als Fremdsprache Japanisch-Kurse</p>
