{"id":11,"date":"2015-02-02T15:05:21","date_gmt":"2015-02-02T15:05:21","guid":{"rendered":"http:\/\/www.japanischeschulekoeln.de\/?page_id=11"},"modified":"2024-10-03T23:05:58","modified_gmt":"2024-10-03T23:05:58","slug":"unterricht","status":"publish","type":"page","link":"http:\/\/www.japanischeschulekoeln.de\/de\/unterricht\/","title":{"rendered":"Unterricht\/Veranstaltungen"},"content":{"rendered":"<p><\/p>\n<h5>Unterricht<\/h5>\n<h6>\uff1cKokugo-Kurs\uff1e<\/h6>\n<p>Unterricht f\u00fcr Kinder, mit Japanisch als Muttersprache.<\/p>\n<ul>\n<li>Kindergarten (drei bis sechs j\u00e4hrige, unterrichtet in drei Klassen)<\/li>\n<li>Grundschule ( erste bis sechste Klasse)<\/li>\n<li>Mittelschule: ( siebte bis neunte Klasse)<\/li>\n<li>Oberschule: ( zehnte bis zw\u00f6lfte Klasse)<\/li>\n<\/ul>\n<h6>\uff1cJaF-Kurs\uff1e<\/h6>\n<p>Japanisch als Fremdsprache<\/p>\n<ul>\n<li style=\"margin-top: 0.5em\">Japanisch-Kurse f\u00fcr deutschsprachige Kinder und Jugendliche im Alter von Zehn bis 16 Jahren<\/li>\n<li style=\"margin-top: 0.5em\">Unsere JaF-Kurse beginnen halbj\u00e4hrlich jeweils am erstenUnterrichtstermin nach den Osterferien bzw. am ersten Unterrichtstermin nach den Herbstferien.<\/li>\n<li style=\"margin-top: 0.5em\">Ein Kurs kommt zu Stande, wenn sich mindestens f\u00fcnf Sch\u00fcler im \u00e4hnlichen Alter und Vorkenntnissen anmelden. Der Unterricht wird je nach Sprachniveau der Sch\u00fcler individuell gestaltet.<\/li>\n<\/ul>\n<p><a href=\"http:\/\/www.japanischeschulekoeln.de\/wp-content\/uploads\/2015\/11\/U_youchibu1_L.jpg\" target=\"_blank\" rel=\"noopener noreferrer\"><img loading=\"lazy\" class=\"alignnone wp-image-393 size-full\" src=\"http:\/\/www.japanischeschulekoeln.de\/wp-content\/uploads\/2015\/08\/SU_youchibu_1_D.png\" alt=\"\" width=\"235\" height=\"199\" \/><\/a><a href=\"http:\/\/www.japanischeschulekoeln.de\/wp-content\/uploads\/2015\/11\/U_youchibu2_L.jpg\" target=\"_blank\" rel=\"noopener noreferrer\"><img loading=\"lazy\" class=\"alignnone wp-image-394 size-full\" src=\"http:\/\/www.japanischeschulekoeln.de\/wp-content\/uploads\/2015\/08\/SU_youchibu_2_D.png\" alt=\"\" width=\"230\" height=\"199\" \/><\/a><a href=\"http:\/\/www.japanischeschulekoeln.de\/wp-content\/uploads\/2015\/11\/U_shou1_L.jpg\" target=\"_blank\" rel=\"noopener noreferrer\"><img loading=\"lazy\" class=\"alignnone wp-image-391 size-full\" src=\"http:\/\/www.japanischeschulekoeln.de\/wp-content\/uploads\/2015\/08\/SU_shou1_1_D.png\" alt=\"\" width=\"235\" height=\"199\" \/><\/a><a href=\"http:\/\/www.japanischeschulekoeln.de\/wp-content\/uploads\/2015\/11\/U_shou5_L.jpg\" target=\"_blank\" rel=\"noopener noreferrer\"><img loading=\"lazy\" class=\"alignnone wp-image-392 size-full\" src=\"http:\/\/www.japanischeschulekoeln.de\/wp-content\/uploads\/2015\/08\/SU_shou5_1_D.png\" alt=\"\" width=\"235\" height=\"200\" \/><\/a><a href=\"http:\/\/www.japanischeschulekoeln.de\/wp-content\/uploads\/2015\/11\/U_chuu2_L.jpg\" target=\"_blank\" rel=\"noopener noreferrer\"><img loading=\"lazy\" class=\"alignnone wp-image-389 size-full\" src=\"http:\/\/www.japanischeschulekoeln.de\/wp-content\/uploads\/2015\/08\/SU_chuu2_1_D.png\" alt=\"\" width=\"230\" height=\"200\" \/><\/a><a href=\"http:\/\/www.japanischeschulekoeln.de\/wp-content\/uploads\/2015\/11\/U_JaF_L.jpg\" target=\"_blank\" rel=\"noopener noreferrer\"><img loading=\"lazy\" class=\"alignnone wp-image-390 size-full\" src=\"http:\/\/www.japanischeschulekoeln.de\/wp-content\/uploads\/2015\/08\/SU_JaF_1_D.png\" alt=\"\" width=\"235\" height=\"200\" \/><\/a><\/p>\n<h5>Unterrichtszeit f\u00fcr JaF<\/h5>\n<p>Dienstags (au\u00dfer an Feiertagen und Schulferien)<\/p>\n<ul>\n<li style=\"margin-top: 0.5em\">1. Stunde: 16.00 bis 16.45 Uhr<\/li>\n<li style=\"margin-top: 0.5em\">Pause: 16.45 bis 16.55 Uhr<\/li>\n<li style=\"margin-top: 0.5em\">2. Stunde: 16.55 bis 17.40 Uhr<\/li>\n<\/ul>\n<h5>Schulveranstaltungen<\/h5>\n<p><span class=\"emphasis-gray\">1. Trimester (zwischen Oster- und Sommerferien) <\/span><br \/>\nEintrittsfeier, Kodomo-no-hi (Tag der Kinder) ,Sportfest, Tanabata (Sternenfest)<\/p>\n<p><span class=\"emphasis-gray\">2. Trimester (zwischen Sommer- und Weihnachtsferien) <\/span><br \/>\nTag der offenen T\u00fcr, Nikolaustag<\/p>\n<p><span class=\"emphasis-gray\">3. Trimester (zwischen Weihnachts- und Osterferien)<\/span><br \/>\nNeujahrsfest, Mamemaki (D\u00e4monenvertreibung), Hina-matsuri (M\u00e4dchenfest)<\/p>\n<p><a href=\"http:\/\/www.japanischeschulekoeln.de\/wp-content\/uploads\/2015\/11\/E_sports_1_L.jpg\" target=\"_blank\" rel=\"noopener noreferrer\"><img loading=\"lazy\" class=\"alignnone wp-image-404 size-full\" src=\"http:\/\/www.japanischeschulekoeln.de\/wp-content\/uploads\/2015\/08\/SE_sports_1_D.png\" alt=\"\" width=\"235\" height=\"199\" \/><\/a><a href=\"http:\/\/www.japanischeschulekoeln.de\/wp-content\/uploads\/2015\/11\/sports_2_L.jpg\" target=\"_blank\" rel=\"noopener noreferrer\"><img loading=\"lazy\" class=\"alignnone wp-image-406 size-full\" src=\"http:\/\/www.japanischeschulekoeln.de\/wp-content\/uploads\/2015\/08\/SE_sports_2_D.png\" alt=\"\" width=\"230\" height=\"199\" \/><\/a><a href=\"http:\/\/www.japanischeschulekoeln.de\/wp-content\/uploads\/2015\/11\/E_sports_3_L.jpg\" target=\"_blank\" rel=\"noopener noreferrer\"><img loading=\"lazy\" class=\"alignnone wp-image-408 size-full\" src=\"http:\/\/www.japanischeschulekoeln.de\/wp-content\/uploads\/2015\/08\/SE_sports_3_D.png\" alt=\"\" width=\"235\" height=\"199\" \/><\/a><a href=\"http:\/\/www.japanischeschulekoeln.de\/wp-content\/uploads\/2015\/08\/E_offenentuer_1.jpg\" target=\"_blank\" rel=\"noopener noreferrer\"><img loading=\"lazy\" class=\"alignnone wp-image-527 size-full\" src=\"http:\/\/www.japanischeschulekoeln.de\/wp-content\/uploads\/2015\/09\/SE_offenentuer_1_D.png\" alt=\"\" width=\"235\" height=\"200\" \/><\/a><a href=\"http:\/\/www.japanischeschulekoeln.de\/wp-content\/uploads\/2015\/08\/E_nikolaustag_1.jpg\" target=\"_blank\" rel=\"noopener noreferrer\"><img loading=\"lazy\" class=\"alignnone wp-image-400 size-full\" src=\"http:\/\/www.japanischeschulekoeln.de\/wp-content\/uploads\/2015\/08\/SE_nikolaustag_1_D.png\" alt=\"\" width=\"230\" height=\"200\" \/><\/a><a href=\"http:\/\/www.japanischeschulekoeln.de\/wp-content\/uploads\/2015\/11\/E_neuesjahr_1.jpg\" target=\"_blank\" rel=\"noopener noreferrer\"><img loading=\"lazy\" class=\"alignnone wp-image-398 size-full\" src=\"http:\/\/www.japanischeschulekoeln.de\/wp-content\/uploads\/2015\/08\/SE_neuesjahr_1_D.png\" alt=\"\" width=\"235\" height=\"200\" \/><\/a><\/p>","protected":false},"excerpt":{"rendered":"<p>Unterrichtsinhalt, Stundenplan, Information zu Vereinstaltungen<\/p>\n","protected":false},"author":1,"featured_media":314,"parent":0,"menu_order":0,"comment_status":"closed","ping_status":"closed","template":"","meta":[],"_links":{"self":[{"href":"http:\/\/www.japanischeschulekoeln.de\/de\/wp-json\/wp\/v2\/pages\/11"}],"collection":[{"href":"http:\/\/www.japanischeschulekoeln.de\/de\/wp-json\/wp\/v2\/pages"}],"about":[{"href":"http:\/\/www.japanischeschulekoeln.de\/de\/wp-json\/wp\/v2\/types\/page"}],"author":[{"embeddable":true,"href":"http:\/\/www.japanischeschulekoeln.de\/de\/wp-json\/wp\/v2\/users\/1"}],"replies":[{"embeddable":true,"href":"http:\/\/www.japanischeschulekoeln.de\/de\/wp-json\/wp\/v2\/comments?post=11"}],"version-history":[{"count":77,"href":"http:\/\/www.japanischeschulekoeln.de\/de\/wp-json\/wp\/v2\/pages\/11\/revisions"}],"predecessor-version":[{"id":1365,"href":"http:\/\/www.japanischeschulekoeln.de\/de\/wp-json\/wp\/v2\/pages\/11\/revisions\/1365"}],"wp:featuredmedia":[{"embeddable":true,"href":"http:\/\/www.japanischeschulekoeln.de\/de\/wp-json\/wp\/v2\/media\/314"}],"wp:attachment":[{"href":"http:\/\/www.japanischeschulekoeln.de\/de\/wp-json\/wp\/v2\/media?parent=11"}],"curies":[{"name":"wp","href":"https:\/\/api.w.org\/{rel}","templated":true}]}}

<p></p>
<h5>Unterricht</h5>
<h6>＜Kokugo-Kurs＞</h6>
<p>Unterricht für Kinder, mit Japanisch als Muttersprache.</p>
<ul>
<li>Kindergarten (drei bis sechs jährige, unterrichtet in drei Klassen)</li>
<li>Grundschule ( erste bis sechste Klasse)</li>
<li>Mittelschule: ( siebte bis neunte Klasse)</li>
<li>Oberschule: ( zehnte bis zwölfte Klasse)</li>
</ul>
<h6>＜JaF-Kurs＞</h6>
<p>Japanisch als Fremdsprache</p>
<ul>
<li style="margin-top: 0.5em">Japanisch-Kurse für deutschsprachige Kinder und Jugendliche im Alter von Zehn bis 16 Jahren</li>
<li style="margin-top: 0.5em">Unsere JaF-Kurse beginnen halbjährlich jeweils am erstenUnterrichtstermin nach den Osterferien bzw. am ersten Unterrichtstermin nach den Herbstferien.</li>
<li style="margin-top: 0.5em">Ein Kurs kommt zu Stande, wenn sich mindestens fünf Schüler im ähnlichen Alter und Vorkenntnissen anmelden. Der Unterricht wird je nach Sprachniveau der Schüler individuell gestaltet.</li>
</ul>
<p><a href="http://www.japanischeschulekoeln.de/wp-content/uploads/2015/11/U_youchibu1_L.jpg" target="_blank" rel="noopener noreferrer"><img loading="lazy" class="alignnone wp-image-393 size-full" src="http://www.japanischeschulekoeln.de/wp-content/uploads/2015/08/SU_youchibu_1_D.png" alt="" width="235" height="199" /></a><a href="http://www.japanischeschulekoeln.de/wp-content/uploads/2015/11/U_youchibu2_L.jpg" target="_blank" rel="noopener noreferrer"><img loading="lazy" class="alignnone wp-image-394 size-full" src="http://www.japanischeschulekoeln.de/wp-content/uploads/2015/08/SU_youchibu_2_D.png" alt="" width="230" height="199" /></a><a href="http://www.japanischeschulekoeln.de/wp-content/uploads/2015/11/U_shou1_L.jpg" target="_blank" rel="noopener noreferrer"><img loading="lazy" class="alignnone wp-image-391 size-full" src="http://www.japanischeschulekoeln.de/wp-content/uploads/2015/08/SU_shou1_1_D.png" alt="" width="235" height="199" /></a><a href="http://www.japanischeschulekoeln.de/wp-content/uploads/2015/11/U_shou5_L.jpg" target="_blank" rel="noopener noreferrer"><img loading="lazy" class="alignnone wp-image-392 size-full" src="http://www.japanischeschulekoeln.de/wp-content/uploads/2015/08/SU_shou5_1_D.png" alt="" width="235" height="200" /></a><a href="http://www.japanischeschulekoeln.de/wp-content/uploads/2015/11/U_chuu2_L.jpg" target="_blank" rel="noopener noreferrer"><img loading="lazy" class="alignnone wp-image-389 size-full" src="http://www.japanischeschulekoeln.de/wp-content/uploads/2015/08/SU_chuu2_1_D.png" alt="" width="230" height="200" /></a><a href="http://www.japanischeschulekoeln.de/wp-content/uploads/2015/11/U_JaF_L.jpg" target="_blank" rel="noopener noreferrer"><img loading="lazy" class="alignnone wp-image-390 size-full" src="http://www.japanischeschulekoeln.de/wp-content/uploads/2015/08/SU_JaF_1_D.png" alt="" width="235" height="200" /></a></p>
<h5>Unterrichtszeit für JaF</h5>
<p>Dienstags (außer an Feiertagen und Schulferien)</p>
<ul>
<li style="margin-top: 0.5em">1. Stunde: 16.00 bis 16.45 Uhr</li>
<li style="margin-top: 0.5em">Pause: 16.45 bis 16.55 Uhr</li>
<li style="margin-top: 0.5em">2. Stunde: 16.55 bis 17.40 Uhr</li>
</ul>
<h5>Schulveranstaltungen</h5>
<p><span class="emphasis-gray">1. Trimester (zwischen Oster- und Sommerferien) </span><br />
Eintrittsfeier, Kodomo-no-hi (Tag der Kinder) ,Sportfest, Tanabata (Sternenfest)</p>
<p><span class="emphasis-gray">2. Trimester (zwischen Sommer- und Weihnachtsferien) </span><br />
Tag der offenen Tür, Nikolaustag</p>
<p><span class="emphasis-gray">3. Trimester (zwischen Weihnachts- und Osterferien)</span><br />
Neujahrsfest, Mamemaki (Dämonenvertreibung), Hina-matsuri (Mädchenfest)</p>
<p><a href="http://www.japanischeschulekoeln.de/wp-content/uploads/2015/11/E_sports_1_L.jpg" target="_blank" rel="noopener noreferrer"><img loading="lazy" class="alignnone wp-image-404 size-full" src="http://www.japanischeschulekoeln.de/wp-content/uploads/2015/08/SE_sports_1_D.png" alt="" width="235" height="199" /></a><a href="http://www.japanischeschulekoeln.de/wp-content/uploads/2015/11/sports_2_L.jpg" target="_blank" rel="noopener noreferrer"><img loading="lazy" class="alignnone wp-image-406 size-full" src="http://www.japanischeschulekoeln.de/wp-content/uploads/2015/08/SE_sports_2_D.png" alt="" width="230" height="199" /></a><a href="http://www.japanischeschulekoeln.de/wp-content/uploads/2015/11/E_sports_3_L.jpg" target="_blank" rel="noopener noreferrer"><img loading="lazy" class="alignnone wp-image-408 size-full" src="http://www.japanischeschulekoeln.de/wp-content/uploads/2015/08/SE_sports_3_D.png" alt="" width="235" height="199" /></a><a href="http://www.japanischeschulekoeln.de/wp-content/uploads/2015/08/E_offenentuer_1.jpg" target="_blank" rel="noopener noreferrer"><img loading="lazy" class="alignnone wp-image-527 size-full" src="http://www.japanischeschulekoeln.de/wp-content/uploads/2015/09/SE_offenentuer_1_D.png" alt="" width="235" height="200" /></a><a href="http://www.japanischeschulekoeln.de/wp-content/uploads/2015/08/E_nikolaustag_1.jpg" target="_blank" rel="noopener noreferrer"><img loading="lazy" class="alignnone wp-image-400 size-full" src="http://www.japanischeschulekoeln.de/wp-content/uploads/2015/08/SE_nikolaustag_1_D.png" alt="" width="230" height="200" /></a><a href="http://www.japanischeschulekoeln.de/wp-content/uploads/2015/11/E_neuesjahr_1.jpg" target="_blank" rel="noopener noreferrer"><img loading="lazy" class="alignnone wp-image-398 size-full" src="http://www.japanischeschulekoeln.de/wp-content/uploads/2015/08/SE_neuesjahr_1_D.png" alt="" width="235" height="200" /></a></p>
